(-66).
2, 3, 13
Let y(l) = 632*l - 391. What are the prime factors of y(14)?
3, 2819
Let b(s) = -3127*s + 9164. What are the prime factors of b(-8)?
2, 5, 1709
List the prime factors of (-86)/(((-234)/(-14339))/(-9)).
43, 1103
Suppose -4*x + 50*m = 46*m - 24884, -2*x + 4*m + 12434 = 0. What are the prime factors of x?
3, 5, 83
List the prime factors of (-8419)/(-10) - (-17)/170.
2, 421
List the prime factors of 1/(-7 - 35630/(-5089)).
727
Suppose r = -4*r + 15. What are the prime factors of ((-56)/r)/((-12)/18)?
2, 7
Let x be (-6)/(-8) + (-6161)/(-4) + 1. Suppose -8*a + 11*a = x. List the prime factors of a.
2, 257
Suppose 37*o = 41*o - 8. Suppose o*n - r - 823 = -2*r, -10 = -2*r. What are the prime factors of n?
409
Suppose -5*f + q = -30, 5*f - 22 - 3 = 2*q. Let z = -13 + f. Let g = z - -41. What are the prime factors of g?
5, 7
Let b = 7386 + -2456. What are the prime factors of b?
2, 5, 17, 29
Let g(m) = -2*m + 6. Let s be g(3). Let v be 1 + (2 - s)*2. Suppose 2*a - 5*u = -0*u + 18, v*a = -u + 18. What are the prime factors of a?
2
Let q(s) = -s**2 + 5*s - 7. Let c be q(4). Let g(y) = 46*y + 14. Let u be g(c). Let w = -25 - u. List the prime factors of w.
3, 11
What are the prime factors of ((-2492)/140 + 15)/(2/(-11760))?
2, 3, 7
Let i(o) = 3*o**3 + 59*o**2 - 37*o + 22. Let g(j) = j**3 + 20*j**2 - 12*j + 7. Let m = -30 - -27. Let x(a) = m*i(a) + 8*g(a). List the prime factors of x(-18).
2, 11
Suppose 21*r = 25*r - 2*u - 33894, r - 3*u - 8466 = 0. What are the prime factors of r?
3, 5, 113
Suppose -112651 = 30*a - 297631. List the prime factors of a.
2, 3083
Suppose 313*l - 2384325 = -37*l + 3595425. What are the prime factors of l?
3, 5, 17, 67
Suppose -5*x + 3*s - 1267 = 0, -x - 134 - 137 = -5*s. Let k = x - -396. What are the prime factors of k?
5, 29
What are the prime factors of 13 + (-301168)/((-28)/2)?
3, 5, 7, 41
Suppose -18*q - 16495 = -19*q - 5*m, 4*m = -4*q + 66028. What are the prime factors of q?
2, 5, 13, 127
Let v(d) = d**3 + 43*d**2 + 41*d + 2696. What are the prime factors of v(-32)?
2, 3, 17, 31
Let f = 58 - 59. Let u be (-17 - 1) + (-5 + 5 - f). What are the prime factors of (14 + u)*(-239)/3?
239
Suppose -r = -4*r + 366. Suppose i - 55 = 4*q, 2*q + r = -0*i + 2*i. Suppose -21 = -7*x + i. List the prime factors of x.
2, 3
Let p(f) = 151*f + 2148. What are the prime factors of p(25)?
5923
Suppose -183 = -o - h, 0 = -3*o + 6*o + 2*h - 547. Suppose -3*t = -5*z + 854, 3*z - 4*t - o = 2*z. List the prime factors of z.
13
Suppose -227*l + 420 = -207*l. Let y(n) = 5*n**2 - 37*n + 54. List the prime factors of y(l).
2, 3, 13, 19
Let c = 181 - 129. Let u(m) = -28*m + 1. Let d be u(-2). Let y = c + d. List the prime factors of y.
109
Let f be ((-9)/27)/((-1)/(18/(-3))). List the prime factors of ((-1268)/16)/((-3 - f)/4).
317
Suppose -64*m - 46826 = -77*m. What are the prime factors of m?
2, 1801
Suppose 58*v - 56*v = -2*f + 18168, -f + v + 9088 = 0. List the prime factors of f.
2, 7, 11, 59
What are the prime factors of (-612)/(-48) + -13 + (-25333)/(-4)?
3, 2111
Let p = 2055 + -1630. What are the prime factors of p?
5, 17
Suppose -2*x - 518 = 5*c + 130, -3*c - 391 = -x. Let s = c - -444. Suppose 0 = -z - 5*d + 175, 2*z + d - 3*d = s. What are the prime factors of z?
2, 5
Suppose 52*c = 57*c + 3*r - 145006, -4*r = 3*c - 87019. What are the prime factors of c?
107, 271
Let a = 885 + 533. Suppose -7*u = o - 11*u - a, -5*u - 1423 = -o. List the prime factors of o.
2, 3, 233
Let u be (-1120)/(-182) - (-2)/(-13). Suppose -4*a = -u + 2. List the prime factors of (3*a/6)/(7/1624).
2, 29
Let l(c) be the third derivative of c**5/12 + 13*c**3/6 + 2*c**2 + 50*c. List the prime factors of l(-10).
3, 19
Let c = 2343 + -2175. What are the prime factors of c?
2, 3, 7
Suppose -25 = 9*g + 56. Let i(s) = 4*s + 13*s**2 + s**2 + 4 + s**3 - 3*s**2. List the prime factors of i(g).
2, 5, 13
Suppose 56947 = 36*i - 577049. List the prime factors of i.
11, 1601
What are the prime factors of (-191571)/(-21) - (322/(-49) + 7)?
2, 4561
What are the prime factors of (-59795)/(-45) - 6/(-27)?
3, 443
Suppose -18*r = -23*r + 25. Suppose -15*z + 10*z + 3050 = 2*x, 0 = r*z. What are the prime factors of x?
5, 61
Let b(f) = -1075*f + 1. Let i be b(-3). Let w = 1902 - 1968. List the prime factors of (-11)/w + i/12.
269
Let l be (-2)/(-3)*(-9)/6. Let u(n) = -44*n**2 - n - 10. Let g(i) = 135*i**2 + 4*i + 27. Let c(m) = 3*g(m) + 8*u(m). List the prime factors of c(l).
2, 5
Let g = -607 - -3646. What are the prime factors of g?
3, 1013
Let r(c) = -15*c - 5. Let p be r(-2). List the prime factors of 5 + p + (-10)/(-2).
5, 7
Let n(g) = 6*g**2 - 33*g - 8. Let p be n(6). Suppose -13*b + p*b + 1611 = 0. List the prime factors of b.
3, 179
Let r be 1 + 0/((-4)/(-1)). Let w be 8/(-4) + (-180)/4*r. Let u = -32 - w. List the prime factors of u.
3, 5
Suppose -86*s = -162*s + 2311996. What are the prime factors of s?
29, 1049
Let r be (1 - 6) + 50358/14 - 3. Suppose 7*u - 5*a = 9*u - 1787, r = 4*u + 5*a. What are the prime factors of u?
17, 53
Let u(i) = 108*i**3 - 18*i**2 + 95*i + 57. What are the prime factors of u(8)?
17, 53, 61
Suppose 3*y - 21938 = k, 0 = 10*k - 7*k - 3. List the prime factors of y.
71, 103
Let y = 325 + -309. Suppose 0 = -y*i - i + 2278. List the prime factors of i.
2, 67
Suppose -56*c + 440*c + 3192949 - 13264501 = 0. What are the prime factors of c?
2, 79, 83
Let a(r) = r + 954*r**3 - 3 + 0*r**2 + 2*r - 2*r**2 - r**2 + 2*r**2. List the prime factors of a(1).
953
Let x be (-60)/(-50)*5/2. Suppose -x*o = 2*l + 4, 4*l - 5 = -2*o + 3. Suppose 3*s = l*d - 111, d + 0*s + 2*s - 36 = 0. List the prime factors of d.
2, 3, 5
Suppose 0*w - 12*w = 72. What are the prime factors of (-173)/((5 + w)/2)?
2, 173
Let z = -55 - -37. Let y(c) = 18*c**2 - 2*c**3 - 2*c - 7*c + 0*c**3 - 5 + 3*c**3. List the prime factors of y(z).
157
Let l(k) = -3515*k**2 + 16*k - 17. Let w be l(1). Let h = -2508 - w. What are the prime factors of h?
2, 3, 7
Let b be (0 - -1)*5 + 0/1. Suppose v + 5*k - 29 = 0, -b*k + k = v - 33. What are the prime factors of v?
7
Let d(l) = -2*l**3 + 21*l**2 - 3*l - 5. Let b(x) = x**2 + 7*x - 23. Let v be b(-10). What are the prime factors of d(v)?
317
Suppose 4 = 5*j + 24, 194 = 5*r + 4*j. List the prime factors of -3831*7/r*-2.
1277
Suppose -2*o - 32310 = -4*z, z + o - 9095 = -1016. What are the prime factors of z?
2, 7, 577
Let i = 2517 + -1007. Suppose 4*g = 178 + i. Suppose 322 = 6*a - g. List the prime factors of a.
2, 31
Let r(u) be the second derivative of u**5/20 + 17*u**4/12 - 3*u**3 - 2*u**2 - u. Let d be r(-18). List the prime factors of (-4155)/(-35) + d/(-14) - 1.
2, 59
Suppose 5*w + 2000 = 5*s, -s + 2 = -1. Let m = 1537 - w. List the prime factors of m.
2, 967
Suppose 0 = -9*f - 5*t + 115105 + 119659, -t - 130398 = -5*f. What are the prime factors of f?
11, 2371
Let w(h) = -3*h**3 + 58*h**2 + 21*h - 41. What are the prime factors of w(-22)?
59513
List the prime factors of 152/19 + -8 + 19122.
2, 3, 3187
Let s = -54 + 60. Suppose -s*j = 724 + 1148. List the prime factors of (0 - 5/10)*j.
2, 3, 13
Let k(b) = -77*b**3 + 3*b**2 + 8*b + 6. What are the prime factors of k(-3)?
2, 3, 29
Suppose -6*q = -5*j - 2*q - 2651, -4*j = 3*q + 2127. Let g = j - -932. List the prime factors of g.
401
Let c(s) be the third derivative of -s**6/120 + 11*s**5/30 - s**4/2 - 28*s**3/3 + 15*s**2. List the prime factors of c(20).
2, 3, 7
Let w = -77 - -295. Suppose -4*r = -w - 58. List the prime factors of r.
3, 23
Let q = 24633 - -6400. What are the prime factors of q?
31033
Let j(w) = w**3 + 4*w**2 - w + 4. Let d be j(-5). Let r be (d/20)/(12/(-20))*72. Suppose -8 = 3*s + s, -4*s = -2*y + r. What are the prime factors of y?
2, 11
Let n(w) be the third derivative of -w**5/60 - 41*w**4/12 + 55*w**3/6 + 10*w**2 + 4*w. List the prime factors of n(-16).
11, 101
Let d(y) = 10*y**2 + 88*y + 952. List the prime factors of d(-25).
2, 41, 61
List the prime factors of (0 + (-14)/(-8))/((-104845)/(-52420) - 2).
7, 2621
Let x(v) = 5*v**2 - 5*v - 16. Let o be x(-3). Suppose 48*n - o = 46*n. Suppose -28*j + n*j = -870. List the prime factors of j.
5, 29
Suppose -5*l + 1486 = -4*j, l - 2*j + 7*j = 274. Suppose l*i - 298*i + 5728 = 0. What are the prime factors of i?
2, 179
Let z(u) 